{"id":1111,"date":"2020-08-14T10:27:15","date_gmt":"2020-08-14T15:27:15","guid":{"rendered":"https:\/\/www.asobancaria.com\/web-de-crisis\/ws\/gestiondecrisis\/?page_id=1111"},"modified":"2021-11-22T15:59:53","modified_gmt":"2021-11-22T20:59:53","slug":"quienes-somos","status":"publish","type":"page","link":"https:\/\/www.asobancaria.com\/web-de-crisis\/quienes-somos\/","title":{"rendered":"Quienes Somos"},"content":{"rendered":"\t\t<div data-elementor-type=\"wp-page\" data-elementor-id=\"1111\" class=\"elementor elementor-1111\" data-elementor-settings=\"[]\">\n\t\t\t\t\t\t<div class=\"elementor-inner\">\n\t\t\t\t\t\t\t<div class=\"elementor-section-wrap\">\n\t\t\t\t\t\t\t<section class=\"elementor-section elementor-top-section elementor-element elementor-element-e208b07 elementor-section-boxed elementor-section-height-default elementor-section-height-default\" data-id=\"e208b07\" data-element_type=\"section\" id=\"#quienessomos\">\n\t\t\t\t\t\t<div class=\"elementor-container elementor-column-gap-default\">\n\t\t\t\t\t\t\t<div class=\"elementor-row\">\n\t\t\t\t\t<div class=\"elementor-column elementor-col-100 elementor-top-column elementor-element elementor-element-2702753\" data-id=\"2702753\" data-element_type=\"column\">\n\t\t\t<div class=\"elementor-column-wrap elementor-element-populated\">\n\t\t\t\t\t\t\t<div class=\"elementor-widget-wrap\">\n\t\t\t\t\t\t<div class=\"elementor-element elementor-element-c40ff72 elementor-widget elementor-widget-heading\" data-id=\"c40ff72\" data-element_type=\"widget\" data-widget_type=\"heading.default\">\n\t\t\t\t<div class=\"elementor-widget-container\">\n\t\t\t<h2 class=\"elementor-heading-title elementor-size-xl\">\u00bfQUIENES SOMOS?<\/h2>\t\t<\/div>\n\t\t\t\t<\/div>\n\t\t\t\t<div class=\"elementor-element elementor-element-529d96a elementor-widget elementor-widget-text-editor\" data-id=\"529d96a\" data-element_type=\"widget\" data-widget_type=\"text-editor.default\">\n\t\t\t\t<div class=\"elementor-widget-container\">\n\t\t\t\t\t<div class=\"elementor-text-editor elementor-clearfix\"><p>El comit\u00e9 de gesti\u00f3n de crisis es una instancia de trabajo colaborativo entre las diferentes entidades bancarias para fortalecer la articulaci\u00f3n del sector financiero en momento de crisis. A trav\u00e9s de reuniones bimestrales que permiten abordar temas relacionados con la gesti\u00f3n de crisis en el sector financiero.<\/p><\/div>\n\t\t\t\t<\/div>\n\t\t\t\t<\/div>\n\t\t\t\t\t\t<\/div>\n\t\t\t\t\t<\/div>\n\t\t<\/div>\n\t\t\t\t\t\t\t\t<\/div>\n\t\t\t\t\t<\/div>\n\t\t<\/section>\n\t\t\t\t<section class=\"elementor-section elementor-top-section elementor-element elementor-element-9d48281 elementor-section-boxed elementor-section-height-default elementor-section-height-default\" data-id=\"9d48281\" data-element_type=\"section\">\n\t\t\t\t\t\t<div class=\"elementor-container elementor-column-gap-default\">\n\t\t\t\t\t\t\t<div class=\"elementor-row\">\n\t\t\t\t\t<div class=\"elementor-column elementor-col-50 elementor-top-column elementor-element elementor-element-393797e\" data-id=\"393797e\" data-element_type=\"column\">\n\t\t\t<div class=\"elementor-column-wrap elementor-element-populated\">\n\t\t\t\t\t\t\t<div class=\"elementor-widget-wrap\">\n\t\t\t\t\t\t<div class=\"elementor-element elementor-element-746d4a2 elementor-widget elementor-widget-heading\" data-id=\"746d4a2\" data-element_type=\"widget\" data-widget_type=\"heading.default\">\n\t\t\t\t<div class=\"elementor-widget-container\">\n\t\t\t<h2 class=\"elementor-heading-title elementor-size-xl\">VISI\u00d3N<\/h2>\t\t<\/div>\n\t\t\t\t<\/div>\n\t\t\t\t<div class=\"elementor-element elementor-element-370c3f8 elementor-widget elementor-widget-text-editor\" data-id=\"370c3f8\" data-element_type=\"widget\" data-widget_type=\"text-editor.default\">\n\t\t\t\t<div class=\"elementor-widget-container\">\n\t\t\t\t\t<div class=\"elementor-text-editor elementor-clearfix\"><ul><li><strong>Modelos de actuaci\u00f3n unificados:<\/strong> Definir escenarios de posibles crisis con los protocolos correspondientes, para articular entidades del estado, financieras y dem\u00e1s actores involucrados y llegar al paso a paso de la gesti\u00f3n en cada entidad.<\/li><li><strong>Alineaci\u00f3n estrat\u00e9gica de actores:<\/strong> Generaci\u00f3n de un proyecto unificado que permita enfocar la gesti\u00f3n hacia la identificaci\u00f3n de tareas comunes, la comunicaci\u00f3n continua como gremio hacia las partes interesadas y la gesti\u00f3n de excepciones normativas con enfoque al cliente, asegurando la prestaci\u00f3n del servicio.<\/li><\/ul><\/div>\n\t\t\t\t<\/div>\n\t\t\t\t<\/div>\n\t\t\t\t\t\t<\/div>\n\t\t\t\t\t<\/div>\n\t\t<\/div>\n\t\t\t\t<div class=\"elementor-column elementor-col-50 elementor-top-column elementor-element elementor-element-e357ce8\" data-id=\"e357ce8\" data-element_type=\"column\">\n\t\t\t<div class=\"elementor-column-wrap elementor-element-populated\">\n\t\t\t\t\t\t\t<div class=\"elementor-widget-wrap\">\n\t\t\t\t\t\t<div class=\"elementor-element elementor-element-371b06b elementor-widget elementor-widget-heading\" data-id=\"371b06b\" data-element_type=\"widget\" data-widget_type=\"heading.default\">\n\t\t\t\t<div class=\"elementor-widget-container\">\n\t\t\t<h2 class=\"elementor-heading-title elementor-size-xl\">MISI\u00d3N<\/h2>\t\t<\/div>\n\t\t\t\t<\/div>\n\t\t\t\t<div class=\"elementor-element elementor-element-0bf27db elementor-widget elementor-widget-text-editor\" data-id=\"0bf27db\" data-element_type=\"widget\" data-widget_type=\"text-editor.default\">\n\t\t\t\t<div class=\"elementor-widget-container\">\n\t\t\t\t\t<div class=\"elementor-text-editor elementor-clearfix\"><ul><li><strong>Formaci\u00f3n y sensibilizaci\u00f3n:<\/strong> Desarrollar estrategias para capacitar y sensibilizar los distintos actores participantes en una crisis que afecte el sector financiero, asegurando una respuesta oportuna y adecuada<\/li><li><strong>Pruebas de protocolos:<\/strong> Definici\u00f3n y ejecuci\u00f3n de protocolos gremiales ante una situaci\u00f3n de crisis, socializando las lecciones aprendidas resultantes de las pruebas ante el gremio.<\/li><\/ul><\/div>\n\t\t\t\t<\/div>\n\t\t\t\t<\/div>\n\t\t\t\t\t\t<\/div>\n\t\t\t\t\t<\/div>\n\t\t<\/div>\n\t\t\t\t\t\t\t\t<\/div>\n\t\t\t\t\t<\/div>\n\t\t<\/section>\n\t\t\t\t<section class=\"elementor-section elementor-top-section elementor-element elementor-element-3e0a65d elementor-section-stretched elementor-section-full_width elementor-section-height-default elementor-section-height-default\" data-id=\"3e0a65d\" data-element_type=\"section\" data-settings=\"{&quot;stretch_section&quot;:&quot;section-stretched&quot;,&quot;background_background&quot;:&quot;classic&quot;}\">\n\t\t\t\t\t\t<div class=\"elementor-container elementor-column-gap-no\">\n\t\t\t\t\t\t\t<div class=\"elementor-row\">\n\t\t\t\t\t<div class=\"elementor-column elementor-col-100 elementor-top-column elementor-element elementor-element-0ca38fd\" data-id=\"0ca38fd\" data-element_type=\"column\">\n\t\t\t<div class=\"elementor-column-wrap elementor-element-populated\">\n\t\t\t\t\t\t\t<div class=\"elementor-widget-wrap\">\n\t\t\t\t\t\t<section class=\"elementor-section elementor-inner-section elementor-element elementor-element-1afdfc5 elementor-section-boxed elementor-section-height-default elementor-section-height-default\" data-id=\"1afdfc5\" data-element_type=\"section\">\n\t\t\t\t\t\t<div class=\"elementor-container elementor-column-gap-default\">\n\t\t\t\t\t\t\t<div class=\"elementor-row\">\n\t\t\t\t\t<div class=\"elementor-column elementor-col-50 elementor-inner-column elementor-element elementor-element-0a82103\" data-id=\"0a82103\" data-element_type=\"column\">\n\t\t\t<div class=\"elementor-column-wrap elementor-element-populated\">\n\t\t\t\t\t\t\t<div class=\"elementor-widget-wrap\">\n\t\t\t\t\t\t<div class=\"elementor-element elementor-element-5f39c0c elementor-widget elementor-widget-heading\" data-id=\"5f39c0c\" data-element_type=\"widget\" data-widget_type=\"heading.default\">\n\t\t\t\t<div class=\"elementor-widget-container\">\n\t\t\t<h2 class=\"elementor-heading-title elementor-size-xl\">RETOS<\/h2>\t\t<\/div>\n\t\t\t\t<\/div>\n\t\t\t\t<div class=\"elementor-element elementor-element-06f3d48 elementor-widget elementor-widget-text-editor\" data-id=\"06f3d48\" data-element_type=\"widget\" data-widget_type=\"text-editor.default\">\n\t\t\t\t<div class=\"elementor-widget-container\">\n\t\t\t\t\t<div class=\"elementor-text-editor elementor-clearfix\"><ul><li>Fijar objetivos y metas comunes<\/li><li>Coordinaci\u00f3n, tomar el liderazgo y control en caso de un evento, dando continuidad a la operaci\u00f3n.<\/li><li>Contar con los recursos necesarios y comprometer a la alta direcci\u00f3n y dem\u00e1s funcionarios con los temas del comit\u00e9 y preparar a nivel gremial ante eventos de crisis.<\/li><li>Implementaci\u00f3n de los procesos que se definan, articulando la tecnolog\u00eda, los procesos y las personas.<\/li><li>Comunicaci\u00f3n integral con las comunidades.<\/li><li>Lograr respuestas y medidas de excepci\u00f3n del gobierno, en el corto tiempo.<\/li><\/ul><\/div>\n\t\t\t\t<\/div>\n\t\t\t\t<\/div>\n\t\t\t\t\t\t<\/div>\n\t\t\t\t\t<\/div>\n\t\t<\/div>\n\t\t\t\t<div class=\"elementor-column elementor-col-50 elementor-inner-column elementor-element elementor-element-7fd594d\" data-id=\"7fd594d\" data-element_type=\"column\">\n\t\t\t<div class=\"elementor-column-wrap elementor-element-populated\">\n\t\t\t\t\t\t\t<div class=\"elementor-widget-wrap\">\n\t\t\t\t\t\t<div class=\"elementor-element elementor-element-0ac4d74 elementor-widget elementor-widget-heading\" data-id=\"0ac4d74\" data-element_type=\"widget\" data-widget_type=\"heading.default\">\n\t\t\t\t<div class=\"elementor-widget-container\">\n\t\t\t<h2 class=\"elementor-heading-title elementor-size-xl\">DIFERENCIALES<\/h2>\t\t<\/div>\n\t\t\t\t<\/div>\n\t\t\t\t<div class=\"elementor-element elementor-element-e7f3e95 elementor-widget elementor-widget-text-editor\" data-id=\"e7f3e95\" data-element_type=\"widget\" data-widget_type=\"text-editor.default\">\n\t\t\t\t<div class=\"elementor-widget-container\">\n\t\t\t\t\t<div class=\"elementor-text-editor elementor-clearfix\"><ul><li>Compromisos claros hacia el supervisor, los socios de negocio y los bancos.<\/li><li>Alcance en tres etapas que son: prevenci\u00f3n, gesti\u00f3n y continuidad de negocio, haciendo que las estrategias funcionen.<\/li><li>Cooperaci\u00f3n entre las entidades.<\/li><li>Dedicaci\u00f3n, una visi\u00f3n integral, trabajo proactivo por el sector.<\/li><li>Liderazgo de Asobancaria y del tema en el sector, para la toma de decisiones estrat\u00e9gicas.<\/li><li>Involucrar a las entidades reguladoras, del gobierno y Superfinanciera, de manera constante y movilizando otras entidades.<\/li><li>Conocimiento del entorno, con calidad de informaci\u00f3n.<\/li><li>Participaci\u00f3n, movilizaci\u00f3n y articulaci\u00f3n de todas las partes involucradas.<\/li><\/ul><\/div>\n\t\t\t\t<\/div>\n\t\t\t\t<\/div>\n\t\t\t\t\t\t<\/div>\n\t\t\t\t\t<\/div>\n\t\t<\/div>\n\t\t\t\t\t\t\t\t<\/div>\n\t\t\t\t\t<\/div>\n\t\t<\/section>\n\t\t\t\t\t\t<\/div>\n\t\t\t\t\t<\/div>\n\t\t<\/div>\n\t\t\t\t\t\t\t\t<\/div>\n\t\t\t\t\t<\/div>\n\t\t<\/section>\n\t\t\t\t<section class=\"elementor-section elementor-top-section elementor-element elementor-element-a58dfc8 elementor-section-boxed elementor-section-height-default elementor-section-height-default\" data-id=\"a58dfc8\" data-element_type=\"section\">\n\t\t\t\t\t\t<div class=\"elementor-container elementor-column-gap-default\">\n\t\t\t\t\t\t\t<div class=\"elementor-row\">\n\t\t\t\t\t<div class=\"elementor-column elementor-col-100 elementor-top-column elementor-element elementor-element-e84b8d7\" data-id=\"e84b8d7\" data-element_type=\"column\">\n\t\t\t<div class=\"elementor-column-wrap elementor-element-populated\">\n\t\t\t\t\t\t\t<div class=\"elementor-widget-wrap\">\n\t\t\t\t\t\t<div class=\"elementor-element elementor-element-14959cf elementor-widget elementor-widget-heading\" data-id=\"14959cf\" data-element_type=\"widget\" data-widget_type=\"heading.default\">\n\t\t\t\t<div class=\"elementor-widget-container\">\n\t\t\t<h2 class=\"elementor-heading-title elementor-size-xl\">FUNCIONAMIENTO<\/h2>\t\t<\/div>\n\t\t\t\t<\/div>\n\t\t\t\t\t\t<\/div>\n\t\t\t\t\t<\/div>\n\t\t<\/div>\n\t\t\t\t\t\t\t\t<\/div>\n\t\t\t\t\t<\/div>\n\t\t<\/section>\n\t\t\t\t<section class=\"elementor-section elementor-top-section elementor-element elementor-element-cfdea2b elementor-section-boxed elementor-section-height-default elementor-section-height-default\" data-id=\"cfdea2b\" data-element_type=\"section\">\n\t\t\t\t\t\t<div class=\"elementor-container elementor-column-gap-default\">\n\t\t\t\t\t\t\t<div class=\"elementor-row\">\n\t\t\t\t\t<div class=\"elementor-column elementor-col-50 elementor-top-column elementor-element elementor-element-f68d205\" data-id=\"f68d205\" data-element_type=\"column\">\n\t\t\t<div class=\"elementor-column-wrap elementor-element-populated\">\n\t\t\t\t\t\t\t<div class=\"elementor-widget-wrap\">\n\t\t\t\t\t\t<div class=\"elementor-element elementor-element-84e3d1b elementor-widget elementor-widget-heading\" data-id=\"84e3d1b\" data-element_type=\"widget\" data-widget_type=\"heading.default\">\n\t\t\t\t<div class=\"elementor-widget-container\">\n\t\t\t<h2 class=\"elementor-heading-title elementor-size-large\">COMPONENTE OPERATIVO<\/h2>\t\t<\/div>\n\t\t\t\t<\/div>\n\t\t\t\t<div class=\"elementor-element elementor-element-7db8f6f elementor-widget elementor-widget-text-editor\" data-id=\"7db8f6f\" data-element_type=\"widget\" data-widget_type=\"text-editor.default\">\n\t\t\t\t<div class=\"elementor-widget-container\">\n\t\t\t\t\t<div class=\"elementor-text-editor elementor-clearfix\"><ul><li>Garantizar permanencia y constancia de las personas del comit\u00e9, con nivel decisorio.<\/li><li>Metodolog\u00eda clara y disciplina.<\/li><li>Definici\u00f3n de responsabilidades y roles del comit\u00e9, logrando sinergia entre los miembros del comit\u00e9.<\/li><li>Comunicaci\u00f3n asertiva y constante hacia las entidades.<\/li><li>Integraci\u00f3n y cooperaci\u00f3n del sector y con entidades del gobierno.<\/li><li>Escalamiento a los altos directivos de las entidades.<\/li><li>Lograr consensos de manera \u00e1gil.<\/li><\/ul><\/div>\n\t\t\t\t<\/div>\n\t\t\t\t<\/div>\n\t\t\t\t\t\t<\/div>\n\t\t\t\t\t<\/div>\n\t\t<\/div>\n\t\t\t\t<div class=\"elementor-column elementor-col-50 elementor-top-column elementor-element elementor-element-2257f43\" data-id=\"2257f43\" data-element_type=\"column\">\n\t\t\t<div class=\"elementor-column-wrap elementor-element-populated\">\n\t\t\t\t\t\t\t<div class=\"elementor-widget-wrap\">\n\t\t\t\t\t\t<div class=\"elementor-element elementor-element-3a55268 elementor-widget elementor-widget-heading\" data-id=\"3a55268\" data-element_type=\"widget\" data-widget_type=\"heading.default\">\n\t\t\t\t<div class=\"elementor-widget-container\">\n\t\t\t<h2 class=\"elementor-heading-title elementor-size-large\">COMPONENTES PROGRAM\u00c1TICO<\/h2>\t\t<\/div>\n\t\t\t\t<\/div>\n\t\t\t\t<div class=\"elementor-element elementor-element-7bc9023 elementor-widget elementor-widget-text-editor\" data-id=\"7bc9023\" data-element_type=\"widget\" data-widget_type=\"text-editor.default\">\n\t\t\t\t<div class=\"elementor-widget-container\">\n\t\t\t\t\t<div class=\"elementor-text-editor elementor-clearfix\"><ul><li>Compartir informaci\u00f3n com\u00fan, buenas pr\u00e1cticas y alertas compartidas entre entidades.<\/li><li>Sensibilizar a la alta direcci\u00f3n, basados en riesgos vs. impactos.<\/li><li>Sensibilizar a nivel de todas las \u00e1reas dentro de las entidades.<\/li><li>Ejecutar pruebas bajo escenarios planificados, e implementar controles.<\/li><li>Adecuar tecnolog\u00edas para la gesti\u00f3n de las crisis.<\/li><li>Revisar estudios de caso.<\/li><li>Definir y probar estrategias de coordinaci\u00f3n gremial.<\/li><\/ul><\/div>\n\t\t\t\t<\/div>\n\t\t\t\t<\/div>\n\t\t\t\t\t\t<\/div>\n\t\t\t\t\t<\/div>\n\t\t<\/div>\n\t\t\t\t\t\t\t\t<\/div>\n\t\t\t\t\t<\/div>\n\t\t<\/section>\n\t\t\t\t\t\t<\/div>\n\t\t\t\t\t\t<\/div>\n\t\t\t\t\t<\/div>\n\t\t","protected":false},"excerpt":{"rendered":"<p>\u00bfQUIENES SOMOS? El comit\u00e9 de gesti\u00f3n de crisis es una instancia de trabajo colaborativo entre las diferentes entidades bancarias para fortalecer la articulaci\u00f3n del sector financiero en momento de crisis. A trav\u00e9s de reuniones bimestrales que permiten abordar temas relacionados con la gesti\u00f3n de crisis en el sector financiero. VISI\u00d3N Modelos de actuaci\u00f3n unificados: Definir [&hellip;]<\/p>\n","protected":false},"author":1,"featured_media":0,"parent":0,"menu_order":0,"comment_status":"closed","ping_status":"closed","template":"fullwidth.php","meta":[],"categories":[],"tags":[],"yoast_head":"<!-- This site is optimized with the Yoast SEO plugin v15.5 - https:\/\/yoast.com\/wordpress\/plugins\/seo\/ -->\n<title>Comit\u00e9 de Gesti\u00f3n de Crisis - Asobancaria Colombia<\/title>\n<meta name=\"description\" content=\"El comit\u00e9 de gesti\u00f3n de crisis es una instancia de trabajo colaborativo entre las diferentes entidades bancarias para fortalecer la articulaci\u00f3n del sector financiero en momento de crisis.\" \/>\n<meta name=\"robots\" content=\"index, follow, max-snippet:-1, max-image-preview:large, max-video-preview:-1\" \/>\n<link rel=\"canonical\" href=\"https:\/\/www.asobancaria.com\/web-de-crisis\/quienes-somos\/\" \/>\n<meta property=\"og:locale\" content=\"es_ES\" \/>\n<meta property=\"og:type\" content=\"article\" \/>\n<meta property=\"og:title\" content=\"Comit\u00e9 de Gesti\u00f3n de Crisis - Asobancaria Colombia\" \/>\n<meta property=\"og:description\" content=\"El comit\u00e9 de gesti\u00f3n de crisis es una instancia de trabajo colaborativo entre las diferentes entidades bancarias para fortalecer la articulaci\u00f3n del sector financiero en momento de crisis.\" \/>\n<meta property=\"og:url\" content=\"https:\/\/www.asobancaria.com\/web-de-crisis\/quienes-somos\/\" \/>\n<meta property=\"og:site_name\" content=\"Frentes de Seguridad\" \/>\n<meta property=\"article:modified_time\" content=\"2021-11-22T20:59:53+00:00\" \/>\n<meta name=\"twitter:card\" content=\"summary_large_image\" \/>\n<meta name=\"twitter:label1\" content=\"Est. reading time\">\n\t<meta name=\"twitter:data1\" content=\"2 minutos\">\n<script type=\"application\/ld+json\" class=\"yoast-schema-graph\">{\"@context\":\"https:\/\/schema.org\",\"@graph\":[{\"@type\":\"WebSite\",\"@id\":\"https:\/\/www.asobancaria.com\/web-de-crisis\/#website\",\"url\":\"https:\/\/www.asobancaria.com\/web-de-crisis\/\",\"name\":\"Frentes de Seguridad\",\"description\":\"Asobancaria\",\"potentialAction\":[{\"@type\":\"SearchAction\",\"target\":\"https:\/\/www.asobancaria.com\/web-de-crisis\/?s={search_term_string}\",\"query-input\":\"required name=search_term_string\"}],\"inLanguage\":\"es-CO\"},{\"@type\":\"WebPage\",\"@id\":\"https:\/\/www.asobancaria.com\/web-de-crisis\/quienes-somos\/#webpage\",\"url\":\"https:\/\/www.asobancaria.com\/web-de-crisis\/quienes-somos\/\",\"name\":\"Comit\\u00e9 de Gesti\\u00f3n de Crisis - Asobancaria Colombia\",\"isPartOf\":{\"@id\":\"https:\/\/www.asobancaria.com\/web-de-crisis\/#website\"},\"datePublished\":\"2020-08-14T15:27:15+00:00\",\"dateModified\":\"2021-11-22T20:59:53+00:00\",\"description\":\"El comit\\u00e9 de gesti\\u00f3n de crisis es una instancia de trabajo colaborativo entre las diferentes entidades bancarias para fortalecer la articulaci\\u00f3n del sector financiero en momento de crisis.\",\"inLanguage\":\"es-CO\",\"potentialAction\":[{\"@type\":\"ReadAction\",\"target\":[\"https:\/\/www.asobancaria.com\/web-de-crisis\/quienes-somos\/\"]}]}]}<\/script>\n<!-- \/ Yoast SEO plugin. -->","acf":[],"_links":{"self":[{"href":"https:\/\/www.asobancaria.com\/web-de-crisis\/wp-json\/wp\/v2\/pages\/1111"}],"collection":[{"href":"https:\/\/www.asobancaria.com\/web-de-crisis\/wp-json\/wp\/v2\/pages"}],"about":[{"href":"https:\/\/www.asobancaria.com\/web-de-crisis\/wp-json\/wp\/v2\/types\/page"}],"author":[{"embeddable":true,"href":"https:\/\/www.asobancaria.com\/web-de-crisis\/wp-json\/wp\/v2\/users\/1"}],"replies":[{"embeddable":true,"href":"https:\/\/www.asobancaria.com\/web-de-crisis\/wp-json\/wp\/v2\/comments?post=1111"}],"version-history":[{"count":9,"href":"https:\/\/www.asobancaria.com\/web-de-crisis\/wp-json\/wp\/v2\/pages\/1111\/revisions"}],"predecessor-version":[{"id":2361,"href":"https:\/\/www.asobancaria.com\/web-de-crisis\/wp-json\/wp\/v2\/pages\/1111\/revisions\/2361"}],"wp:attachment":[{"href":"https:\/\/www.asobancaria.com\/web-de-crisis\/wp-json\/wp\/v2\/media?parent=1111"}],"wp:term":[{"taxonomy":"category","embeddable":true,"href":"https:\/\/www.asobancaria.com\/web-de-crisis\/wp-json\/wp\/v2\/categories?post=1111"},{"taxonomy":"post_tag","embeddable":true,"href":"https:\/\/www.asobancaria.com\/web-de-crisis\/wp-json\/wp\/v2\/tags?post=1111"}],"curies":[{"name":"wp","href":"https:\/\/api.w.org\/{rel}","templated":true}]}}